What is the highest common divisor of 270250 and 73250?
250
What is the greatest common factor of 1314 and 11162898?
18
What is the highest common factor of 71142344 and 73944?
8216
Calculate the greatest common divisor of 49302254 and 82.
82
What is the highest common factor of 209433446 and 138?
46
Calculate the greatest common divisor of 1953545 and 187.
11
What is the highest common divisor of 7802 and 564732?
166
What is the greatest common divisor of 16302 and 9556734?
1254
What is the greatest common divisor of 3591 and 57600837?
1197
Calculate the greatest common factor of 8643 and 222912.
129
Calculate the greatest common divisor of 38230433 and 51.
17
What is the greatest common factor of 23 and 501609162?
23
What is the highest common factor of 1938 and 208609550?
646
Calculate the greatest common factor of 44387607 and 99.
33
What is the highest common divisor of 554412 and 7896?
564
Calculate the highest common divisor of 3110 and 164990165.
1555
Calculate the highest common factor of 102 and 2961990.
6
What is the highest common factor of 2029360 and 280?
40
What is the greatest common factor of 74002 and 49878?
326
Calculate the greatest common divisor of 4004 and 774620.
308
Calculate the greatest common factor of 10432 and 26582692.
652
Calculate the highest common factor of 2312 and 22149538.
578
What is the greatest common factor of 366034 and 4610?
922
Calculate the highest common divisor of 1960957 and 69.
23
What is the highest common factor of 12 and 7584891?
3
Calculate the highest common divisor of 3685 and 16244485.
335
Calculate the greatest common factor of 17325 and 321145.
55
What is the highest common divisor of 797354 and 760?
38
Calculate the highest common divisor of 426 and 1108518.
6
Calculate the highest common divisor of 212 and 991774796.
212
What is the highest common factor of 6633878307 and 5019?
5019
What is the greatest common factor of 29988 and 961044?
1428
What is the greatest common factor of 15145503 and 10390?
1039
What is the greatest common divisor of 7073475 and 8325?
2775
Calculate the highest common factor of 966 and 4177122.
138
Calculate the greatest common divisor of 36 and 192119076.
36
Calculate the greatest common divisor of 12 and 39682218.
6
What is the greatest common factor of 1507 and 2866862?
137
What is the highest common factor of 12822479 and 2?
1
Calculate the greatest common factor of 222540 and 33660.
60
What is the greatest common divisor of 927888 and 338?
26
What is the highest common factor of 720 and 171331120?
80
What is the highest common divisor of 145743684 and 48?
12
Calculate the highest common divisor of 16201081 and 130.
13
Calculate the highest common divisor of 3116528 and 25018.
3574
What is the greatest common factor of 1176 and 58960296?
24
Calculate the greatest common factor of 12 and 37847076.
12
Calculate the highest common divisor of 2198504 and 1232.
616
What is the highest common factor of 1122 and 2000922?
66
Calculate the highest common divisor of 108767167 and 291.
97
What is the highest common factor of 41713 and 11287962?
707
What is the highest common divisor of 770 and 134290926?
154
Calculate the highest common factor of 9328 and 366511112.
4664
Calculate the highest common factor of 9058 and 61680451.
4529
Calculate the greatest common divisor of 254592 and 229024.
544
What is the greatest common divisor of 31360155 and 2465?
85
What is the highest common divisor of 155889 and 549?
9
What is the greatest common divisor of 605664 and 19744?
32
Calculate the greatest common factor of 28 and 975534.
14
Calculate the highest common factor of 46 and 27257599.
23
Calculate the highest common divisor of 2810437 and 329.
7
Calculate the highest common divisor of 211224804 and 84.
84
What is the greatest common factor of 66366 and 222426?
54
Calculate the highest common divisor of 15070 and 990.
110
Calculate the greatest common factor of 147768 and 768.
24
What is the greatest common factor of 9658206 and 3312?
414
What is the highest common divisor of 2596178 and 676?
338
What is the greatest common factor of 98659 and 6886?
11
Calculate the highest common divisor of 429 and 210244463.
143
What is the greatest common divisor of 2916 and 1399364?
4
Calculate the greatest common factor of 148033145 and 130.
65
What is the highest common factor of 3090786 and 138?
138
Calculate the greatest common divisor of 224 and 1290478.
14
Calculate the greatest common factor of 4 and 44297662.
2
What is the greatest common divisor of 37 and 977284367?
37
What is the highest common divisor of 340 and 1944545?
85
Calculate the greatest common factor of 121 and 25361842.
121
Calculate the greatest common divisor of 78 and 7928024.
26
Calculate the greatest common divisor of 56176517 and 25772.
6443
Calculate the highest common factor of 1142982 and 2718.
18
Calculate the highest common divisor of 3408 and 32950248.
1704
Calculate the highest common divisor of 126 and 178769682.
126
What is the greatest common factor of 19790 and 10610?
10
What is the highest common factor of 2258312 and 557032?
2744
Calculate the greatest common factor of 239353 and 6401.
37
What is the highest common divisor of 4685 and 480226555?
4685
What is the greatest common factor of 1268224047 and 327?
327
Calculate the greatest common divisor of 27539188 and 184.
92
Calculate the highest common factor of 537 and 54770599.
179
Calculate the greatest common factor of 4185 and 8996355.
1395
Calculate the highest common factor of 459 and 1916352.
27
What is the highest common factor of 1027 and 945551?
79
Calculate the greatest common factor of 1360 and 24715280.
1360
Calculate the greatest common divisor of 58350009 and 15.
3
What is the highest common factor of 36685838 and 462?
14
What is the highest common factor of 7967196 and 20?
4
Calculate the highest common factor of 102436048 and 11440.
2288
Calculate the greatest common factor of 36084664 and 1232.
616
Calculate the greatest common divisor of 224354423 and 14901.
4967
What is the highest common divisor of 109244 and 46996?
124
Calculate the highest common divisor of 4522 and 1065288.
238
What is the highest common divisor of 25171140 and 15450?
3090
What is the highest common factor of 361434 and 2082?
6
Calculate the greatest common divisor of 834585 and 9840.
15
What is the highest common divisor of 1040 and 14221760?
80
What is the highest common divisor of 1604626 and 608?
38
What is the greatest common factor of 153 and 411903?
9
What is the highest common divisor of 44126 and 2430?
2
Calculate the highest common divisor of 50043 and 28014.
21
Calculate the greatest common factor of 920612 and 1316.
28
Calculate the greatest common factor of 625060 and 4860.
20
What is the highest common divisor of 19040931 and 53091?
3123
What is the greatest common factor of 2777934920 and 8?
8
What is the greatest common divisor of 98 and 1428182?
14
Calculate the highest common divisor of 2467232 and 752.
16
Calculate the greatest common factor of 715 and 2068755.
65
What is the greatest common factor of 35224 and 179929224?
5032
What is the greatest common divisor of 35690529 and 81039?
4767
Calculate the highest common divisor of 5850 and 704050.
50
What is the highest common factor of 10227 and 2007901?
3409
What is the highest common factor of 273 and 52290?
21
Calculate the greatest common factor of 14787 and 10349151.
159
What is the greatest common divisor of 208 and 33310420?
52
What is the greatest common factor of 12870 and 9852030?
90
What is the highest common divisor of 578106 and 324?
18
Calculate the highest common divisor of 54910600 and 1000.
200
What is the highest common factor of 91 and 6713603?
13
Calculate the highest common divisor of 3799743136 and 2534.
2534
What is the greatest common divisor of 18723276 and 275?
11
Calculate the highest common divisor of 33688545 and 539.
11
Calculate the greatest common factor of 205259601 and 8309.
1187
What is the highest common divisor of 18156 and 2325303?
267
What is the highest common factor of 81872894 and 542?
542
What is the highest common divisor of 1720 and 32550656?
344
Calculate the greatest common factor of 128752518 and 522.
174
What is the greatest common 